 and 32.
16
What is the highest common divisor of 4163 and 381747100?
4163
What is the greatest common factor of 32982624 and 1136?
1136
Calculate the greatest common divisor of 3948 and 122248833.
987
What is the greatest common factor of 100 and 209332500?
100
What is the highest common divisor of 508111 and 371?
53
What is the greatest common divisor of 70717875 and 561?
51
What is the greatest common divisor of 3720 and 34493855?
155
What is the highest common factor of 2504 and 694068110?
626
What is the highest common divisor of 760 and 166595230?
190
What is the highest common factor of 52 and 397776340?
52
What is the highest common divisor of 1814 and 183848900?
1814
What is the greatest common divisor of 12212 and 121552?
284
Calculate the highest common factor of 1314 and 140386154.
146
Calculate the highest common divisor of 40 and 13322335.
5
What is the highest common divisor of 52312 and 391612?
52
Calculate the highest common divisor of 6346296 and 54.
54
Calculate the highest common divisor of 12328 and 145088.
8
What is the greatest common factor of 57085209 and 45?
9
Calculate the greatest common factor of 5722308 and 24.
12
What is the highest common factor of 1478500 and 7925?
25
What is the greatest common divisor of 1768233475 and 25?
25
What is the highest common divisor of 14834690 and 30?
10
Calculate the highest common divisor of 6980274 and 224.
14
What is the greatest common divisor of 4 and 1067332?
4
What is the highest common divisor of 389300 and 296300?
100
What is the highest common factor of 6697201 and 442?
17
Calculate the highest common factor of 115248 and 171897194.
4802
Calculate the greatest common divisor of 1984 and 77435024.
496
Calculate the greatest common factor of 1989 and 696334977.
1989
What is the greatest common factor of 28000490 and 518?
518
Calculate the greatest common factor of 294 and 9233462.
98
Calculate the highest common factor of 119533860 and 53136.
4428
Calculate the greatest common factor of 384580117 and 1777.
1777
Calculate the greatest common factor of 86634 and 67356.
18
Calculate the greatest common divisor of 13 and 62356411.
13
Calculate the greatest common divisor of 20 and 9469685.
5
What is the highest common factor of 786 and 144168513?
393
What is the highest common divisor of 196111899 and 26217?
8739
Calculate the greatest common factor of 31625 and 172928375.
2875
What is the highest common factor of 535 and 5574914?
107
What is the greatest common divisor of 7661047 and 69?
23
What is the highest common divisor of 92 and 203343?
23
What is the greatest common factor of 792193 and 5?
1
What is the greatest common factor of 75083985 and 2295?
765
What is the greatest common factor of 411460 and 28560?
140
What is the highest common divisor of 50735 and 2342570?
365
What is the greatest common factor of 3574 and 85313167?
1787
What is the greatest common divisor of 81496 and 278099?
61
Calculate the highest common divisor of 11645721 and 5068.
181
What is the highest common divisor of 138 and 12470278?
46
What is the highest common divisor of 1044 and 74044134?
522
What is the highest common divisor of 1337 and 919?
1
What is the greatest common factor of 16 and 3540584224?
16
What is the greatest common factor of 182816 and 249796?
788
What is the greatest common factor of 21225288 and 12432?
168
Calculate the highest common divisor of 10750 and 2166250.
250
Calculate the highest common factor of 12026252 and 392.
28
What is the highest common divisor of 12031305 and 286?
143
What is the greatest common factor of 3295 and 123935?
5
What is the highest common factor of 6603 and 95521128?
213
What is the greatest common divisor of 8921 and 798193?
11
What is the greatest common factor of 655 and 579454920?
655
Calculate the highest common divisor of 3885 and 866110.
35
What is the greatest common factor of 13 and 3785440919?
13
Calculate the greatest common divisor of 6 and 198905202.
6
What is the greatest common factor of 46769634 and 522?
522
Calculate the highest common factor of 3034002 and 63294.
822
What is the greatest common divisor of 3689 and 1387281?
217
What is the highest common factor of 21 and 20307?
21
Calculate the highest common factor of 35 and 16053205.
35
What is the greatest common divisor of 289120734 and 1314?
1314
Calculate the highest common divisor of 18134575 and 13784.
1723
What is the highest common factor of 8362 and 1006860058?
8362
Calculate the highest common factor of 316752 and 1584.
48
What is the greatest common factor of 7209678 and 1638?
42
What is the highest common divisor of 8816008 and 152?
8
What is the greatest common factor of 4960 and 44050?
10
What is the highest common factor of 542913984 and 12?
12
Calculate the highest common divisor of 1511610 and 370.
10
Calculate the greatest common factor of 241332 and 5907772.
884
Calculate the highest common divisor of 188650882 and 24549.
8183
What is the highest common factor of 4037724 and 26196?
708
Calculate the highest common divisor of 84851146 and 24262.
3466
Calculate the highest common divisor of 158 and 894239394.
158
Calculate the highest common factor of 3012880 and 94640.
1040
Calculate the highest common divisor of 127 and 591858989.
127
Calculate the greatest common divisor of 673246195 and 1285.
1285
What is the highest common factor of 3984 and 194967?
249
What is the highest common divisor of 2882 and 346973?
11
What is the greatest common divisor of 590224252 and 552?
92
What is the highest common divisor of 963411 and 149388?
177
What is the highest common factor of 10369716 and 168?
84
Calculate the highest common divisor of 1461 and 45799915.
487
Calculate the highest common factor of 1081 and 1192021.
23
What is the highest common divisor of 1 and 33857?
1
Calculate the highest common divisor of 892016 and 88.
8
Calculate the greatest common divisor of 1595 and 25011485.
145
What is the highest common factor of 53621337 and 924?
231
Calculate the greatest common factor of 1604134 and 1005852.
1538
What is the highest common divisor of 1351 and 530222?
7
What is the greatest common divisor of 255 and 1121565?
15
What is the greatest common factor of 3125 and 532071875?
3125
Calculate the highest common divisor of 18026494 and 204.
34
Calculate the greatest common factor of 3161 and 96998446.
3161
What is the highest common divisor of 26 and 7055434490?
26
Calculate the highest common factor of 1676044 and 22592.
1412
Calculate the greatest common divisor of 478326728 and 22.
22
Calculate the greatest common factor of 43 and 2615163809.
43
Calculate the greatest common divisor of 283928 and 10168.
8
What is the greatest common divisor of 2586971 and 8579?
23
Calculate the highest common factor of 47630685 and 510.
255
Calculate the greatest common factor of 19388 and 363340.
148
What is the highest common factor of 4415 and 75469127?
883
What is the greatest common divisor of 98 and 710479?
7
Calculate the greatest common divisor of 1419 and 4102791.
33
What is the greatest common factor of 16029 and 224269?
137
Calculate the highest common factor of 137033 and 804037.
1651
Calculate the highest common divisor of 75809072 and 5136.
1712
What is the greatest common divisor of 452 and 17081758?
226
What is the highest common factor of 4 and 36542084?
4
What is the highest common divisor of 398 and 131513727?
199
Calculate the highest common divisor of 1556727 and 6479.
589
What is the highest common factor of 1152 and 584556768?
288
What is the highest common divisor of 2118898 and 1314?
146
What is the highest common factor of 3873290 and 830?
10
Calculate the greatest common factor of 62 and 441650273.
31
Calculate the highest common divisor of 67510 and 162454.
86
Calculate the greatest common factor of 30192 and 694608474.
3774
Calculate the greatest common factor of 52263 and 837.
9
Calculate the highest common factor of 462436 and 31356.
52
Calculate the greatest common factor of 190 and 229292280.
10
Calculate the highest common factor of 4726450 and 10.
10
What is the highest common factor of 140875787 and 442?
221
What is the highest common factor of 25 and 16208275?
25
What is the highest common divisor of 7370 and 3285010?
670
Calculate t